(base 6) to base 16.
102ba9a
Convert -4654033 (base 7) to base 13.
-176278
18c9c (base 13) to base 16
bca6
Convert 22112011222 (base 3) to base 2.
101000111101111100
-16860a (base 11) to base 4
-333202321
Convert -27a246 (base 15) to base 10.
-1907391
141b542 (base 12) to base 4
33111321002
Convert -651aab (base 12) to base 15.
-2190eb
What is 1176232 (base 11) in base 15?
2a5692
417164 (base 10) to base 15
8390e
What is -181b0b3 (base 12) in base 7?
-60432264
What is -203232214 (base 5) in base 6?
-25532543
What is -231515235 (base 6) in base 5?
-2044141142
What is -30120323 (base 7) in base 9?
-4617835
What is -77a3c5 (base 15) in base 13?
-1249712
Convert 6077961 (base 10) to base 8.
27137011
What is -203924 (base 10) in base 14?
-54460
-236505 (base 8) to base 15
-190eb
Convert -9de24e (base 16) to base 11.
-5927a12
What is -11aa348 (base 11) in base 8?
-7767313
What is a0b327 (base 13) in base 11?
2123162
110011000110001010100 (base 2) to base 8
6306124
-3410223322 (base 5) to base 15
-9d48ac
Convert 662781 (base 9) to base 13.
10b19c
-10415002 (base 6) to base 15
-62ce8
12344121 (base 6) to base 7
3264655
Convert 21212002211 (base 3) to base 6.
3151504
Convert -95a26 (base 11) to base 8.
-420616
Convert -1110110111111001000000 (base 2) to base 7.
-45066120
What is 603304 (base 8) in base 11?
12601a
What is -14b8411 (base 12) in base 7?
-50621230
Convert 220110101202 (base 3) to base 6.
14152502
-130315 (base 13) to base 12
-1a0911
11a394 (base 11) to base 12
91790
What is 111300223 (base 4) in base 8?
256053
-219a41 (base 14) to base 5
-243001102
886c4a (base 14) to base 3
22201011112010
21003 (base 6) to base 13
1383
What is 2981935 (base 12) in base 8?
37757771
Convert -542435003 (base 6) to base 5.
-4432202321
Convert 402022302 (base 5) to base 10.
1595327
What is 2214044 (base 6) in base 8?
330714
-677b49 (base 12) to base 5
-410330011
2120202221 (base 3) to base 7
301204
Convert -1206686 (base 10) to base 5.
-302103221
Convert 1202022021120 (base 3) to base 11.
586639
What is -232c10 (base 14) in base 3?
-2020220101011
Convert 39416 (base 14) to base 4.
202113030
-1a54b0 (base 12) to base 9
-778536
-12a43 (base 11) to base 6
-221532
-38194 (base 14) to base 8
-414466
-1155542 (base 6) to base 15
-13668
-339da (base 15) to base 10
-164230
Convert 210102020212020 (base 3) to base 10.
11381775
Convert 8232601 (base 10) to base 6.
452241521
Convert -115310050 (base 6) to base 2.
-1000011101011000001110
2b5932b (base 12) to base 10
8828819
What is -16420 (base 10) in base 4?
-10000210
1e36e9 (base 16) to base 8
7433351
What is -14440443 (base 5) in base 9?
-256573
What is 10220010300 (base 4) in base 9?
2247476
2120200100222 (base 3) to base 5
322342033
Convert 455fd (base 16) to base 3.
112102210100
Convert -2132012310 (base 4) to base 13.
-1989c9
-6692856 (base 10) to base 13
-1504491
Convert -36750b (base 14) to base 3.
-10111201011020
What is -27a29 (base 16) in base 5?
-20143340
What is -b6990 (base 13) in base 10?
-328991
-52908a1 (base 11) to base 7
-142104614
Convert -162107 (base 8) to base 11.
-3a9a7
What is -113021413 (base 5) in base 15?
-a333d
What is -1dac4f (base 16) in base 13?
-5311ab
What is 2656722 (base 8) in base 5?
142314124
Convert -10010100111001000010101 (base 2) to base 16.
-4a7215
What is 879eb (base 15) in base 10?
430871
33c329 (base 16) to base 15
4701d2
What is 416306 (base 7) in base 14?
1c276
-92619 (base 12) to base 7
-1423515
3332110203 (base 4) to base 10
1041699
9d87 (base 16) to base 11
28331
-208b84 (base 14) to base 5
-240143442
What is -1725342 (base 8) in base 2?
-1111010101011100010
Convert -140301420 (base 5) to base 15.
-e12aa
-7b00b (base 14) to base 13
-a61b3
Convert 61754415 (base 8) to base 3.
220122102000120
-110032301100 (base 4) to base 14
-9c0a08
What is -7485652 (base 9) in base 4?
-33103232111
Convert 2231203220 (base 5) to base 16.
4b7139
What is -76511 (base 10) in base 8?
-225337
What is 553732 (base 8) in base 9?
313533
What is -11110011010111010 (base 2) in base 13?
-4493a
Convert -18187 (base 14) to base 5.
-3420213
440222001 (base 5) to base 2
111001011101001111111
-2312470 (base 9) to base 4
-10300302303
-100110110010111001 (base 2) to base 6
-3223401
Convert 4562667 (base 9) to base 3.
11122002202021
What is -d8d27 (base 16) in base 8?
-3306447
Convert 11a4 (base 13) to base 6.
15324
Convert 82434 (base 11) to base 5.
12322221
What is 2082 (base 9) in base 5?
22112
Convert 1100001100010100010 (base 2) to base 12.
173256
-231114322 (base 5) to base 11
-648063
c33877 (base 14) to base 10
6579041
-1001101011110001010011 (base 2) to base 15
-352289
What is -979cb4 (base 13) in base 4?
-31211333320
-62ae63 (base 16) to base 15
-87b2eb
Convert 188191 (base 10) to base 2.
101101111100011111
7452355 (base 8) to base 3
10201222210000
133033103220 (base 4) to base 14
1132560
Convert 35130 (base 6) to base 3.
20220000
What is -254140 (base 8) in base 9?
-143835
What is -4438432 (base 9) in base 3?
-11111022111002
-146132 (base 7) to base 10
-28541
What is -4a1656 (base 11) in base 13?
-219a95
What is -234157 (base 9) in base 3?
-21011011221
Convert -2022120030 (base 4) to base 15.
-b2e16
What is -1191581 (base 10) in base 15?
-1880db
What is 10654501 (base 10) in base 11?
6017980
-213130231 (base 4) to base 2
-100111011100101101
Convert -266b5 (base 14) to base 5.
-11012011
Convert -3341104 (base 6) to base 15.
-34ee1
Convert 202222310330 (base 4) to base 10.
9088316
Convert -1677b9 (base 12) to base 5.
-44331433
What is -295a1b (base 14) in base 8?
-5366651
-7a954 (base 13) to base 8
-664377
What is 16b947 (base 12) in base 15?
7b957
Convert -24c95 (base 14) to base 2.
-10110000010110011
Convert 10100100010111 (base 2) to base 6.
120411
Convert 32cc37 (base 13) to base 7.
13123623
Convert bb78 (base 12) to base 9.
31332
What is 11220211002 (base 3) in base 4?
113220320
-441654 (base 7) to base 15
-17e73
-a4d9 (base 16) to base 8
-122331
-799838 (base 14) to base 6
-224355550
Convert 211011200000 (base 3) to base 5.
102431203
What is -4076247 (base 8) in base 13?
-2baa55
Convert 2232333200 (base 4) to base 8.
2567740
100101011101010000 (base 2) to base 13
54aab
What is -38d2d (base 14) in base 13?
-4b820
Convert 7282723 (base 10) to base 15.
98cc9d
What is 32332356 (base 8) in base 12?
23a103a
2132244302 (base 5) to base 4
101130022303
Convert -aa3382 (base 15) to base 11.
-463a946
10051426 (base 8) to base 15
2bca32
Convert -11054713 (base 9) to base 12.
-1960586
What is -18b954 (base 12) in base 16?
-6a390
Convert 152253 (base 16) to base 13.
39656a
-85a389 (base 12) to base 9
-3868286
Convert -20210201013 (base 4) to base 16.
-224847
What is 1301334 (base 7) in base 2?
101001001010001001
What is 1210111120011 (base 3) in base 7?
11054203
Convert -1010011011101011001100 (base 2) to base 11.
-15a8769
-10100010001100111 (base 2) to base 14
-2239d
Convert 1061480 (base 11) to base 8.
7063276
What is 210212221 (base 3) in base 6?
201511
What is 1038620 (base 12) in base 10?
3062904
What is -1942a (base 15) in base 8?
-240024
Convert 168246 (base 11) to base 2.
111111011011111101
What is 1222102120 (base 3) in base 5?
2221244
Convert -a8d5 (base 14) to base 11.
-1aa31
10011133332 (base 4) to base 7
12050514
Convert -230013120212 (base 4) to base 10.
-11564582
What is -1002001011 (base 4) in base 15?
-551c0
What is -10111111100101010 (base 2) in base 3?
-11222112222
Convert 12132344 (base 5) to base 4.
130000210
What is -79ab99 (base 13) in base 9?
-5368621
Convert 5357759 (base 10) to base 15.
70c73e
Convert 1641453 (base 9) to base 4.
3132322320
Convert ddc58c (base 14) to base 4.
130231030200
-186215 (base 9) to base 12
-5721b
-3abb80 (base 15) to base 14
-537291
Convert 104431 (base 5) to base 8.
7235
Convert 138b2b (base 12) to base 5.
40421413
What is 1236630 (base 10) in base 7?
13340223
56e13a (base 16) to base 8
25560472
Convert -4b70a0 (base 13) to base 9.
-3365452
What is -560a25 (base 11) in base 12?
-371682
Convert -1001102020 (base 6) to base 4.
-212221301130
-408989 (base 11) to base 8
-2401246
Convert 1111101001000001010000 (base 2) to base 10.
4100176
-a74025 (base 12) to base 10
-2640413
What is -2054cbd (base 14) in base 7?
-243514226
308935 (base 11) to base 10
494